of d?
5
Let o(r) = 2*r**2 + 10*r + 6. What is the tens digit of o(-6)?
1
Let s = 0 - -33. What is the units digit of s?
3
Let o be 24/9 + 2/(-3). Suppose -o*r - 13 - 5 = 0. What is the tens digit of 24/((r/(-6))/1)?
1
Suppose -4*h - 2*k + 23 = 3, -5*k + 10 = 2*h. Suppose 0 = 4*r, 0*v = -h*v + 2*r + 10. What is the units digit of 8/12*27/v?
9
Let n(l) = 2*l + 2*l**3 - 7 - 1 - 3*l**2 + 5 + 0. Suppose -3*v + 6 = v + 2*c, -5*v = c - 9. What is the units digit of n(v)?
5
Suppose 4*o + 10 = 2*o + 2*p, -3*p + 11 = -o. Let q be ((-3)/o + 2)*6. Suppose -4*v + q = -3. What is the units digit of v?
6
Let f(z) = 6*z + 38. What is the units digit of f(28)?
6
What is the units digit of (-2)/(-8) + (-1110)/(-40)?
8
Suppose 0 = 19*j - 24*j + 80. What is the units digit of j?
6
Suppose 0 = v + v + 3*k - 1, -v - 3*k = 4. Let n(d) = d**2 - 4*d - 5. Let g be n(v). Suppose g = q - 2. What is the units digit of q?
2
What is the hundreds digit of (-1316)/(-5) + 40/50?
2
Suppose 4*x - 10 = t, 5*t + 0*t - 4*x = -2. Suppose -3*o - 19 = 5*g - 62, -3*g - t*o = -26. Suppose 0*v = -v + g. What is the units digit of v?
8
Let q(b) = -5*b**2 - 3*b - b**3 - 3*b**3 + 4*b**3 + b**3. What is the tens digit of q(6)?
1
Suppose 5*a - 4 = 11, k - 5 = a. Suppose -m = m - 4. Let y = k - m. What is the units digit of y?
6
What is the tens digit of 21*(-9)/(3/(-1))?
6
Suppose 2*l + 182 = 3*p, 5*p - 5*l - 234 - 71 = 0. What is the tens digit of p?
6
Suppose 0 = 4*q - 5*q + 44. What is the units digit of q?
4
Let x(z) = 9*z - 2. Let g be x(-1). Let t = -20 + 34. Let y = t + g. What is the units digit of y?
3
Let l(d) = -d**2 - 7*d - 9. Let k be l(-6). What is the tens digit of ((-116)/12)/(1/k)?
2
Let u be 58/4 - 3/6. Let b = 28 - 39. Let p = b + u. What is the units digit of p?
3
Suppose 4*n = 3*a - 3, -4*n + 4 = a + 3. Let y be ((-32)/(-10))/(a/(-5)). What is the units digit of (-2)/(-5) - y/10?
2
Suppose 4*z - 15 + 55 = 2*t, -4*z = 3*t - 70. What is the units digit of t?
2
Let f = -40 + 151. What is the units digit of f?
1
Let z(d) = 5*d**2 + 2*d + 1. Let w be z(-1). Suppose 10 = l + w. What is the units digit of l?
6
Let v = 270 + -110. What is the tens digit of v?
6
Suppose -4 = -5*v + 11. Suppose -v*z - z - a = -17, 3*z = a + 11. Suppose h - 17 + z = 0. What is the tens digit of h?
1
Suppose -62 = 4*g + 278. Let z be g/(-10) - (-1)/2. What is the units digit of z/(-2)*4/(-3)?
6
Let b(f) = -2*f + 14. Suppose 27 + 23 = 5*i. Let m be b(i). Let s = m + 10. What is the units digit of s?
4
Let s = 115 - 61. What is the tens digit of s?
5
Let m(k) = -k**2 + 4*k + 7. Let w be m(5). Suppose w*y = q + 72 - 16, 5*y = 3*q + 140. Let n = -18 + y. What is the units digit of n?
0
Let u = -15 - -19. Suppose -3*w - 5*v - 3 = -41, -2*w - u*v = -28. What is the units digit of w?
6
Suppose 8*n = 4*n. Suppose 0 = 3*c - 12 - n. Let g(r) = 4*r - 6. What is the units digit of g(c)?
0
Let b(v) = -v + 9. Let z(u) = -u**3 - 4*u**2 + 4*u. Let d be z(-5). Let p be b(d). Suppose -r - p*r = -40. What is the units digit of r?
8
Suppose 4*p + 3*q = 54 + 901, 3*p = q + 726. Suppose 5*g - p - 4 = 0. What is the units digit of 14/g + 122/14?
9
Let j = -3 - -6. Suppose m = 2 - 5, 4*m = -j*l. Suppose -l*r + 5 = -3. What is the units digit of r?
2
Let y = 12 + -5. What is the units digit of y?
7
Suppose -2*f + 12 = -24. Let b be 479/6 - (-3)/f. Suppose -5*x + x + b = 0. What is the units digit of x?
0
Let x(a) = -11*a + 18. What is the units digit of x(-5)?
3
Let u = 4 - -1. Suppose -4*h = u - 17. Let n(o) = 3*o - 1. What is the units digit of n(h)?
8
Suppose -15 = -2*y - z, -12 = -4*y - 3*z + 7*z. Suppose -3*v = -30 - y. What is the tens digit of v?
1
Suppose 0 = 4*d - 2*l - 9 + 1, -4 = -2*d + 2*l. Let g(s) = 12*s**d + 2*s + 0*s**2 - 3*s - 1. What is the tens digit of g(-1)?
1
Let f be (-76)/18 + (-2)/(-9). Let n be f/6 + 10/6. Suppose -5*b + 4 + n = 0. What is the units digit of b?
1
Suppose -174 = 5*j - 4*v + 1359, -2*v = -j - 303. Let a be ((-42)/4)/(5/(-40)*-6). What is the tens digit of j/(-21) + (-4)/a?
1
Let y(d) = d**3 + 7*d**2 + 6*d - 1. Suppose -2*x - 13 = -0*x + v, 2*x = 4*v + 2. Let r be y(x). Let f = r + -8. What is the units digit of f?
1
Suppose -2*k + 2*w = 3*w - 7, -2*k + 4 = 2*w. Suppose 4*h + 12 = h, -5*s - h = -16. Suppose -k*t + s = -51. What is the tens digit of t?
1
Suppose -64 - 158 = -3*k. What is the units digit of k?
4
Let x(m) be the second derivative of m**3/3 + m**2/2 - m. What is the units digit of x(2)?
5
Suppose 39 = 5*a + 14, 4*a - 2 = 2*d. What is the units digit of d?
9
Suppose -10 = 17*g - 15*g. Let t = 15 - g. What is the units digit of t?
0
Let t(k) = -3*k**3 - 1. Let f(h) = -h**2 - 9*h - 9. Let d be f(-8). Let v be t(d). Suppose o = 16 - v. What is the units digit of o?
4
Let b(d) = -32*d**3 + d**2. Let m be b(-1). Let s = m - 49. What is the tens digit of 3 - (-3 - -7) - s?
1
Let y(s) = 4*s - 37. What is the units digit of y(16)?
7
What is the tens digit of ((-2)/3)/(2/(-90))?
3
Let r = -1 + 2. Let x be 3/(-2)*-2*r. What is the units digit of (-6 - -1)/(2 - x)?
5
Let h(x) = 14*x**2. Suppose -3*j + 0 + 3 = 0. Let r be h(j). Suppose -2*d + r = -2. What is the units digit of d?
8
Let d(o) = o**3 + 7*o**2 - o - 1. Let i be d(-4). Let m be i/4 + (-2)/(-8). Let h = -5 + m. What is the units digit of h?
8
Let m be (-57)/(-3) - (1 - 2). Suppose -m = -4*l - 8. Suppose l*c = 4*c - 9. What is the units digit of c?
9
Let g(u) = -u**3 - 4*u**2 - u - 1. Let c be g(-4). Let x = c + -1. What is the units digit of x?
2
What is the units digit of 95 - 3 - -1*(-2 + 4)?
4
Let y = 5 - 12. Let c = y - -35. What is the units digit of c?
8
Suppose 4*w = -11 + 3, 4*w = -2*t. Suppose q + 21 = 4*i, -5*i + 2*i + t*q + 19 = 0. What is the units digit of i?
5
Let n be (-146)/(-8) + 9/12. Suppose -l = -b + n, 3*b + b - 72 = 2*l. What is the units digit of b?
7
Suppose 0 = -2*n - 2*n + 44. Let i(p) = p**3 - 11*p**2 + p + 6. What is the units digit of i(n)?
7
Let p(q) = 12*q - 9. What is the units digit of p(4)?
9
Let i = 391 - 252. What is the units digit of i?
9
Let r(o) = 2*o**3 + 4*o**2 + 2*o + 3. Let q be r(-3). Let d = q - -33. What is the tens digit of d?
1
Let u(y) = y**2 - 7*y + 11. Suppose 0*i + i - s - 10 = 0, 2*i - 10 = -3*s. What is the tens digit of u(i)?
1
Suppose 13*r - 8*r = 485. What is the units digit of r?
7
What is the units digit of (17/(-2))/(3/(-6))?
7
Suppose -3*w = 15, -5*q + 4*q + 3*w = -9. Let s = q + 13. What is the units digit of s?
7
Let q = 31 + -17. What is the tens digit of q?
1
Let b = 203 - 92. What is the hundreds digit of b?
1
Let b = 74 - 42. What is the units digit of b?
2
Let p(r) = -r + 4. What is the units digit of p(-9)?
3
What is the tens digit of ((-10)/15)/((-2)/81)?
2
Let o = -9 - -13. Suppose -o*i + 39 = -3*i. What is the units digit of i?
9
Suppose 4*q - 4 = 4. What is the units digit of q/(-3) - 159/(-9)?
7
Suppose 3*a - 26 = 5*c, 2*c - 5*a = c + 8. Let p(z) = -2*z. What is the tens digit of p(c)?
1
Let d = -11 - -10. What is the tens digit of (2 - d/1) + 19?
2
Let h = -19 - -127. What is the units digit of h?
8
Suppose -5*u - 6 = -3*k - 0*u, -2*u = -2*k + 4. Suppose -k*s = -7*s + 90. What is the units digit of s?
8
Let o be (6/4)/(2/(-4)). Let w be 3/(-3) - 39/o. Suppose -2*g + 0 = -w. What is the units digit of g?
6
Let a = -61 - -99. Suppose 7 = -t + 3*y, 3*t + 4*y - a + 7 = 0. Suppose t*d - 3 = 22. What is the units digit of d?
5
Let r(y) = -y**2 - y + 4. Let b = -1 + -2. Let p be 0/(b/3 + -1). What is the units digit of r(p)?
4
Let k(i) = -i**3 + 7*i**2 - 4*i - 3. Suppose 5*f - 2*d - 26 = 0, -5*d + 2 = -2*f + 4. Let h be k(f). Suppose 0 = -z + 6 + h. What is the tens digit of z?
1
Let x = -10 - -16. Suppose -2*c = -4*u - 24, 3*c - 3*u - 24 = x. What is the units digit of c?
8
Let m(w) = -2*w**3 - 3*w**2 + 3*w + 1. Let y(o) = -o**3 + o**2. Let z(k) = -m(k) + y(k). What is the units digit of z(-4)?
1
Let p be 2/(-6) + 16/3. Suppose -j = p, 5*j + 4 = -2*t - 9. What is the units digit of (-2 + 1)/((-1)/t)?
6
Suppose 3*m - 101 = -2*m - c, -5*m + 3*c = -97. What is the tens digit of m?
2
Let c be (-12)/(-6)*(-30)/(-4). Suppose 5 + c = 4*g. Let q = 1 + g. What is the units digit of q?
6
Suppose 40 = f - 6*f + 4*v, -5*f + 2*v - 30 = 0. What is the tens digit of